ctor of 9 and k?
9
Let p be 288/20 - 2/5. Let h = 1607 + -1593. Calculate the greatest common divisor of p and h.
14
Let v(o) = o**3 + 38*o**2 - 45*o - 162. Let a be v(-39). Calculate the greatest common divisor of 45 and a.
9
Let w = 480 - 303. Calculate the greatest common divisor of 3 and w.
3
Let w be (-12)/(-6)*2/(4/(-5)). Let s be (375/(-5))/w - 3. What is the greatest common factor of 132 and s?
12
Let r be -4 - (3 + -6 + -89). Calculate the greatest common divisor of 968 and r.
88
Suppose -m + 70 = 3*i, -4*m + 2*i + 2*i + 312 = 0. Calculate the highest common divisor of 133 and m.
19
Let u(m) = -6*m + 2. Let j be u(-3). Let a(l) = -l**2 + 19*l - 14. Let x be a(17). Suppose -5*b = -0*b - x. What is the greatest common divisor of b and j?
4
Let x(z) = -12*z**2 + 2*z + 50. Let f be x(0). What is the highest common divisor of 90 and f?
10
Let q = -162 - -232. Let a = 27 - 13. Calculate the greatest common divisor of q and a.
14
Let s(q) = -23*q**3 + 3*q**2 - 4*q - 6. Let b be s(-1). What is the greatest common divisor of 132 and b?
12
Suppose -17*x - 280 = -3*p - 15*x, -3*p = -5*x - 268. What is the highest common divisor of p and 36?
12
Let m(t) = -2*t**2 - 28*t - 30. Let d be m(-10). Calculate the highest common factor of 350 and d.
50
Let b(w) = 4*w - 7. Let h be b(-6). Let z(y) = -y**3 + 13*y**2 - 10*y + 4. Let c be z(12). Let p be 16/c - h/7. What is the greatest common factor of 25 and p?
5
Let c = -1204 - -1208. Calculate the highest common divisor of 12 and c.
4
Let n be (-4*6)/(18/(-192)). Calculate the highest common factor of n and 320.
64
Let m(f) = 4*f**2 - f. Let a be m(-3). Let z be -4 + (-11)/77*-119. What is the greatest common factor of z and a?
13
Let c(d) = 2 + 1 + 2*d - 8*d**2 + 7*d**2. Let u(s) = -s**2 - 10*s + 11. Let w be u(-11). Let p be c(w). What is the greatest common divisor of p and 15?
3
Let n be (21/6 - 3)*16. Let a be n/(-28) - (-303)/7. Suppose -5*j + a = h, 4*j - 3*h - 3 = 20. Calculate the greatest common divisor of j and 88.
8
Let m = 10 + -1. Suppose 0 = -f + m*f - 144. Let k(j) = 7*j**2 - 5*j - 6. Let g be k(5). What is the greatest common divisor of f and g?
18
Suppose 909 = 15*m - 456. Let i(l) = -5 + 3*l + 0 - 3. Let q be i(7). What is the greatest common divisor of m and q?
13
Let q = 3041 - 1943. Calculate the highest common divisor of 36 and q.
18
Suppose 0 = 4*l - 28 - 132. Let v = l - 30. What is the highest common factor of 110 and v?
10
Suppose -108 = 21*f - 1956. What is the highest common divisor of f and 8?
8
Let y(o) = o - 12. Let x be y(9). Let r = x - -6. Suppose 0 = r*b + 2*b - 100. What is the greatest common factor of 80 and b?
20
Suppose 0 = 4*v + 4*k - 228, -3*v - 5*k - 11 + 184 = 0. Let z(t) = -t - 5. Let c be z(5). Let b = 24 + c. Calculate the greatest common factor of b and v.
14
Let m(o) = -3*o + 51. Let j be m(10). Let g be ((-79)/2)/((-9)/216). Let v be g/5 - 3/5. Calculate the highest common divisor of v and j.
21
Let u = -12 + 17. Suppose 4*i = -2*z + 124, -541 = -u*z + i - 209. Let h(p) = p**2 - 6*p - 10. Let x be h(8). Calculate the greatest common factor of x and z.
6
Let y(t) = t - 7. Let r be y(9). Let g(x) = x - r + 6 + 6*x**2 - 5 + 2*x**2. Let d be g(1). What is the greatest common divisor of 8 and d?
8
Suppose 603 - 99 = 6*b. Calculate the highest common divisor of b and 126.
42
Suppose 5*i - 265 = 5*h, -44*i = -39*i + h - 289. What is the greatest common divisor of 9 and i?
3
Suppose -5*b = -0*b - 270. Suppose 5*s + 52*w - 102 = 48*w, -15 = -s + w. What is the greatest common divisor of s and b?
18
Suppose -5*p + 27 = -3*n, 0 + 8 = -2*n. Let d be ((-1 - 2) + -4)/(-1). Suppose -r + 9 + 1 = 2*b, 5*b - 2*r = d. What is the greatest common factor of p and b?
3
Let h be 1/4 - 14/(-8). Let r(z) = -z**3 - 3*z**2 - 2*z. Let i be r(-2). Let d be (i + 2 + h)/1. What is the highest common factor of 20 and d?
4
Suppose b + 243 = 2*h, 62 - 52 = -2*b. Calculate the greatest common divisor of 56 and h.
7
Let r = 267 - 233. What is the greatest common divisor of 2 and r?
2
Suppose -5*s + 70 = -5*k, 0 = 3*s + 4*k - 9 - 26. What is the greatest common factor of s and 221?
13
Let c be (1/(-3) + 1)/((-33)/(-594)). Calculate the greatest common factor of 42 and c.
6
Suppose 0 = 8*k - 3*k + 195. Let b be 28/42*k/(-2). Let u(t) = 13*t**2 + t - 1. Let i be u(1). Calculate the highest common factor of b and i.
13
Suppose 0 = -3*b + b + 6. Suppose -b*l = -l. Suppose 0 = -5*q + 5, l = -h - 5*q - 0 + 16. What is the greatest common factor of h and 77?
11
Let v be 4*1 + -1 + 0. Let u(i) = i + 15. Let o be (2/4)/(5/90). Let w be u(o). What is the greatest common divisor of w and v?
3
Suppose 32*o - 6930 = 2*o. Let r = 101 - 68. What is the highest common divisor of o and r?
33
Let d(t) = -6*t**2 - 1 + 14 + 3*t**2 + 5*t - 10 - 2*t**3. Suppose -2*w + 1 = z, -2 - 2 = -2*w. Let u be d(z). What is the greatest common divisor of 15 and u?
15
Suppose -32 + 128 = 4*h + 3*x, 4*x + 26 = 2*h. Let d = -10 + h. Calculate the highest common factor of d and 33.
11
Let q(z) be the first derivative of 4*z**3 + z**2/2 + 2*z - 219. Suppose -3*a + 10 = -8*a. Let f be q(a). Calculate the highest common factor of f and 72.
24
Suppose -4*o + v + 38 = 0, 30 = 4*o - 0*v + 3*v. Let a(f) = 2*f**2 - 8*f + 5. Let w be a(o). What is the greatest common divisor of w and 38?
19
Let c = 49 - 99. Let i be (-960)/c - 2/10. Calculate the greatest common divisor of 19 and i.
19
Suppose -9*d - 6 = -12*d. Let p(n) = -9*n**2 - n - 2. Let y be p(2). Let o = 56 + y. What is the greatest common divisor of d and o?
2
Suppose 0 = -3*d + 116 + 139. Let f be (-5)/(-20) + (-21)/4. Let n = f - -22. Calculate the greatest common factor of n and d.
17
Suppose 7*z + 12 = 11*z. Let f(c) = -11*c + 3. Let m(p) = 21*p - 6. Let d(k) = 9*f(k) + 5*m(k). Let h be d(2). Calculate the greatest common factor of z and h.
3
Suppose -2*j - y + 1507 = 0, 10*j - 6*j - 3013 = -3*y. What is the greatest common factor of j and 58?
58
Suppose 14 = 2*r - 4*t, 0 = -2*r - r + 4*t + 21. Let g be 50 + (-6 - -2)/2. Let b = 55 - g. What is the highest common factor of b and r?
7
Let m(t) = t**2 - 2*t. Let f be m(4). Suppose 0 = -3*z - 3 + 15, -44 = 4*j - 3*z. Let o = f - j. Calculate the greatest common divisor of o and 144.
16
Let p = 146 + -123. Calculate the greatest common factor of p and 92.
23
Suppose 2*c + 3*f = 17, 26*f - 9 = 23*f. What is the greatest common divisor of c and 116?
4
Suppose 3*v = 11 + 4, h - 3*v = 61. Calculate the highest common divisor of 8 and h.
4
Let r(v) = -113*v + 32. Let u be r(-2). What is the greatest common factor of u and 12?
6
Let h(w) = w**2 + 5*w - 25. Let g be h(6). Calculate the highest common divisor of 41 and g.
41
Let f(l) = l**2 - 14*l + 15. Let b be f(11). Let r be 2/4 - 189/b. Suppose a - 33 = -2*n, -n = 3*a + n - 99. What is the greatest common divisor of r and a?
11
Let c be 7/(7/(-6)) + -4. Let v = -26 - c. Let r = v - -23. Calculate the greatest common divisor of 21 and r.
7
Let z = -918 - -1336. What is the highest common factor of 22 and z?
22
Suppose 0 = 2*y - 18 - 4. Suppose 19 = 4*s - 1. Suppose s*u - 2 - 3 = 5*h, 0 = 4*h. Calculate the highest common divisor of y and u.
1
Suppose 0 = 5*n + 2*c - 138, 143 = 5*n - 4*c + c. Let b = -20 + n. Calculate the greatest common divisor of 24 and b.
8
Let l = 566 + -489. Calculate the highest common divisor of 49 and l.
7
Let t(h) = 8*h - 7. Let n(o) = 15*o - 13. Let a(k) = -6*n(k) + 11*t(k). Let m be a(-2). Let f be 12/5*(-50)/(-3). What is the highest common factor of m and f?
5
Suppose 3*v - 5*d - 15 = 0, 15 = 13*v - 10*v - d. Calculate the greatest common factor of 55 and v.
5
Let c be -3 + 1 + 28 + -21. Suppose -c*m = -2*x - 59, -16 = -2*m - 6*x + 3*x. What is the highest common factor of 33 and m?
11
Suppose 9*f - 220 = -2*f. Calculate the highest common divisor of f and 15.
5
Let m(n) be the second derivative of n**5/20 - n**4/2 + n**3 + 8*n. Let t be m(6). Calculate the highest common factor of t and 36.
36
Suppose -11*t + 47 = -30. Suppose -8*a + 27 = -t*a. What is the greatest common factor of a and 18?
9
Suppose m + 3*g + 2 = 3*m, 5*g - 48 = -4*m. Let n = 11 + m. What is the highest common divisor of 6 and n?
6
Let w = 61 + -18. Suppose 5*o + 5*i + 137 = 3*i,